{"id":10,"date":"2024-12-25T18:08:56","date_gmt":"2024-12-25T17:08:56","guid":{"rendered":"https:\/\/bezirke-kgv-sz.de\/b1\/?page_id=10"},"modified":"2026-02-14T21:00:52","modified_gmt":"2026-02-14T20:00:52","slug":"vorstand","status":"publish","type":"page","link":"http:\/\/bezirke-kgv-sz.de\/b1\/vorstand\/","title":{"rendered":"Vorstand"},"content":{"rendered":"\n<figure class=\"wp-block-table alignwide\"><table class=\"has-fixed-layout\"><tbody><tr><td><img fetchpriority=\"high\" decoding=\"async\" width=\"450\" height=\"189\" class=\"wp-image-134\" style=\"width: 450px;\" src=\"http:\/\/bezirke-kgv-sz.de\/b1\/wp-content\/uploads\/sites\/4\/2024\/12\/logo-1-2.jpg\" alt=\"\" srcset=\"http:\/\/bezirke-kgv-sz.de\/b1\/wp-content\/uploads\/sites\/4\/2024\/12\/logo-1-2.jpg 1350w, http:\/\/bezirke-kgv-sz.de\/b1\/wp-content\/uploads\/sites\/4\/2024\/12\/logo-1-2-300x126.jpg 300w, http:\/\/bezirke-kgv-sz.de\/b1\/wp-content\/uploads\/sites\/4\/2024\/12\/logo-1-2-1024x429.jpg 1024w, http:\/\/bezirke-kgv-sz.de\/b1\/wp-content\/uploads\/sites\/4\/2024\/12\/logo-1-2-768x322.jpg 768w, http:\/\/bezirke-kgv-sz.de\/b1\/wp-content\/uploads\/sites\/4\/2024\/12\/logo-1-2-676x283.jpg 676w\" sizes=\"(max-width: 450px) 100vw, 450px\" \/><\/td><td>Kontakt:<br><strong>Vorstand-Nord(at)bezirke-kgv-sz.de<\/strong><\/td><\/tr><tr><td><strong>1. Vorsitzender:<\/strong><\/td><td><strong>Ulf Kuschel<\/strong><\/td><\/tr><tr><td>2. Vorsitzender:<\/td><td>Georg Kunczak<\/td><\/tr><tr><td>1. Kassierer:<\/td><td>Andreas Rohmann<\/td><\/tr><tr><td>2. Kassierer:<\/td><td>Christa Schwarz<\/td><\/tr><tr><td>1. Schriftf\u00fchrer:<\/td><td>Gerd D\u00f6rlemann<\/td><\/tr><tr><td>2. Schriftf\u00fchrer:<\/td><td>Markus B\u00fcy\u00fckaltay<\/td><\/tr><tr><td>1. Fachberater:<\/td><td>Manfred Schmidt<\/td><\/tr><tr><td>2. Fachberater:<\/td><td>Bernhard Grabarz<\/td><\/tr><\/tbody><\/table><\/figure>\n\n\n\n<p><\/p>\n","protected":false},"excerpt":{"rendered":"<p>Kontakt:Vorstand-Nord(at)bezirke-kgv-sz.de 1. Vorsitzender: Ulf Kuschel 2. Vorsitzender: Georg Kunczak 1. Kassierer: Andreas Rohmann 2. Kassierer: Christa Schwarz 1. Schriftf\u00fchrer: Gerd D\u00f6rlemann 2. Schriftf\u00fchrer: Markus B\u00fcy\u00fckaltay 1. Fachberater: Manfred Schmidt 2. [&hellip;]<\/p>\n","protected":false},"author":1,"featured_media":0,"parent":0,"menu_order":0,"comment_status":"closed","ping_status":"closed","template":"template-nosidebar.php","meta":{"_coblocks_attr":"","_coblocks_dimensions":"","_coblocks_responsive_height":"","_coblocks_accordion_ie_support":"","footnotes":""},"class_list":["post-10","page","type-page","status-publish","hentry","post-preview"],"_links":{"self":[{"href":"http:\/\/bezirke-kgv-sz.de\/b1\/wp-json\/wp\/v2\/pages\/10","targetHints":{"allow":["GET"]}}],"collection":[{"href":"http:\/\/bezirke-kgv-sz.de\/b1\/wp-json\/wp\/v2\/pages"}],"about":[{"href":"http:\/\/bezirke-kgv-sz.de\/b1\/wp-json\/wp\/v2\/types\/page"}],"author":[{"embeddable":true,"href":"http:\/\/bezirke-kgv-sz.de\/b1\/wp-json\/wp\/v2\/users\/1"}],"replies":[{"embeddable":true,"href":"http:\/\/bezirke-kgv-sz.de\/b1\/wp-json\/wp\/v2\/comments?post=10"}],"version-history":[{"count":8,"href":"http:\/\/bezirke-kgv-sz.de\/b1\/wp-json\/wp\/v2\/pages\/10\/revisions"}],"predecessor-version":[{"id":170,"href":"http:\/\/bezirke-kgv-sz.de\/b1\/wp-json\/wp\/v2\/pages\/10\/revisions\/170"}],"wp:attachment":[{"href":"http:\/\/bezirke-kgv-sz.de\/b1\/wp-json\/wp\/v2\/media?parent=10"}],"curies":[{"name":"wp","href":"https:\/\/api.w.org\/{rel}","templated":true}]}}